 - 3*d = 624. Let t be 1 + 0 - (-6 - s)/3. Calculate the greatest common factor of 11 and t.
11
Suppose 2*s = 3*m + 160, -m + 2*s = 6*s + 72. Let b = 74 + m. What is the greatest common factor of b and 60?
6
Suppose 28 = -2*r - 2*t, 3*r = 4*r + 3*t + 18. Let q = 2 - r. What is the greatest common divisor of 742 and q?
14
Let c = -5145 - -5310. Calculate the greatest common factor of 1320 and c.
165
Let r = 5137 - 5035. Calculate the highest common divisor of r and 272.
34
Let d = -555 + 809. Suppose 0 = 5*p - d - 156. Suppose -293 = -5*i + 4*m - p, -203 = -5*i + 2*m. Calculate the greatest common factor of 13 and i.
13
Let a(d) = 850*d**2 - d - 1. Let c be -6 + -7 + 13 + -1. Let h be a(c). What is the highest common divisor of 25 and h?
25
Suppose -17 - 25 = -27*g + 12. What is the greatest common factor of g and 1138?
2
Suppose -21*p = -39*p + 108. Suppose 3*z - 5*j = 40, 0 = -3*z - 3*j - j + 22. Suppose -r + 8 = -z. What is the greatest common divisor of r and p?
6
Let p be 2 + 6714 - 756/63. What is the greatest common factor of 8 and p?
8
Suppose -2*n - 2*q + 63 + 19 = 0, 0 = n - q - 49. Suppose -n = -5*m + 105. Let a be 1/(-3) + 222/18. What is the highest common factor of a and m?
6
Let k be 30017/104 + -4 + (-3)/(-8). What is the greatest common divisor of k and 6365?
95
Let s = -6508 - -13383. What is the highest common divisor of 22 and s?
11
Suppose -5*w - 2304 = -13504. Suppose -w = -11*i - 3*i. What is the greatest common factor of i and 30?
10
Let b be (282492/(-24))/(-7)*(-4)/(-3). What is the highest common factor of b and 590?
118
Let u(p) be the third derivative of 1/3*p**3 + 11*p**2 + 1/20*p**5 + 0*p + 19/24*p**4 + 0. Let f be u(-8). What is the greatest common factor of 21 and f?
21
Suppose -2*x - 16 = 5*m, -3*m + 3*x = 4*x + 10. Let q be 47 + ((-8)/m)/2. What is the highest common divisor of 96 and q?
48
Let g = -224 + 233. Let c(l) = 2*l**2 + 13*l + 2. Let q be c(-10). What is the greatest common factor of q and g?
9
Suppose 3*m = 2*w - 1603, 1182 = 3*w + 5*m - 1213. What is the greatest common divisor of w and 450?
50
Let o(w) = w**3 + 7*w**2 + 10*w - 4. Let q be o(-5). Let k be 0/(q + -6) - (-12 - -1). What is the greatest common factor of 968 and k?
11
Suppose -3 = -l - 18. Let t be (-3)/(6/4) + (-1080)/l. What is the highest common factor of t and 10?
10
Suppose 2*r = -0*k + 2*k + 30, 0 = 4*r - k - 45. Suppose 0*t - 3*t = 0. Suppose -3*a + 126 - 36 = t. What is the greatest common divisor of r and a?
10
Let q(k) = 158*k + 2186. Let a be q(-11). What is the greatest common factor of 476 and a?
28
Let r be (-1 - -1) + -281 + -14. Let x = 701 + r. What is the highest common factor of 14 and x?
14
Let k be (-10 - -2478)*2*2. What is the greatest common divisor of 16 and k?
16
Let u = 478 + -482. Let y be ((-18)/(-3))/(u/((-1376)/12)). Calculate the greatest common factor of 43 and y.
43
Let b(x) = 15*x**3 + x**2 - 2*x + 2. Let g(z) = 14*z**3 - 2*z + 2. Let k(s) = 4*b(s) - 5*g(s). Let v be k(-2). What is the highest common factor of 6 and v?
6
Let s(n) = 101*n + 139. Let c be s(-1). Calculate the highest common divisor of 950 and c.
38
Let h be 48/12 + 88 + 18. Calculate the highest common divisor of 3380 and h.
10
Let k = 92 + -59. Let f(q) = 14*q**2 + 9 + 3 + 35*q - k*q. Let v be f(-5). Calculate the highest common divisor of v and 44.
44
Let y be (-250)/1375 + 74254/22. Suppose 6*t - y = 1419. What is the highest common factor of 17 and t?
17
Let d(y) = 8*y**3 - 4*y**2 + 11*y - 6. Let o be d(1). Calculate the highest common factor of 3609 and o.
9
Suppose l = -7*i - 21, 5*i - 4 + 151 = 4*l. Let n(q) = 34*q**2 - 2*q - 1. Let t be n(-1). Calculate the highest common factor of l and t.
7
Let o(m) = 38*m - 32. Let i be o(3). Let u = i + -75. Calculate the greatest common divisor of 112 and u.
7
Let o = 11388 + -9964. What is the highest common factor of 890 and o?
178
Let u(t) = 44*t**2 + 391*t. Let i be u(-9). What is the highest common divisor of 612 and i?
9
Let m be 15/5 + (-63)/(-3). Let d(y) = -109*y + 4. Let x be d(0). What is the highest common factor of x and m?
4
Let w = -124 - -121. Let d be (w/(-9))/((-66)/63 + 1). Let c(y) = 6*y + 49. Let t be c(d). Calculate the highest common divisor of 84 and t.
7
Suppose 96*y - 93*y - 45 = 0. Let w(n) = n**2 - 15*n + 17. Let t be w(y). Suppose 7 = 3*a - t. What is the greatest common factor of a and 72?
8
Let v(h) = -127*h - 239. Let m be v(-2). Calculate the greatest common factor of 185 and m.
5
Let u = -16 + -2. Let f = u + 50. Let t = f - 27. Calculate the highest common divisor of t and 15.
5
Let y(h) = -53*h - 190. Let m be y(-7). Let x = 271 - m. What is the highest common factor of 80 and x?
10
Let w = -24705 + 29962. What is the highest common divisor of 14 and w?
7
Suppose -36*b - 1006 + 14542 = 0. Suppose 11*c = -4*i + 9*c + b, c - 380 = -4*i. What is the greatest common factor of 30 and i?
6
Let c be 12635/1729 + 8/(-26). What is the highest common divisor of c and 4907?
7
Let b be 240/((-1)/(-2) + 1). Suppose 0 = -2*i + 1895 - 1875. Calculate the greatest common factor of i and b.
10
Let l(k) = 66*k**2 + 130*k - 827. Let p be l(6). Calculate the greatest common divisor of p and 274.
137
Suppose 0 = 3*j + 10 + 2. Let l be 2 - (j - (-12)/2). Suppose 4*b + 2 - 10 = l. Calculate the greatest common factor of b and 6.
2
Suppose -71*r = -69*r. Suppose r = -3*w + 9, -107 = -x - 4*w. Calculate the highest common factor of x and 38.
19
Let i = -203 - -592. Let p = i - 361. Calculate the highest common divisor of 2 and p.
2
Suppose -3*a = 3*s - 9, 5*a + 2*s = 3*s + 21. Suppose -a*k - 62 = -194. Calculate the greatest common factor of 66 and k.
33
Let i(y) = -y**2 - 16*y + 3. Let v be i(-13). Suppose 0 = 13*c - 10*c - 3*f - 588, 0 = 4*c + 2*f - 742. Calculate the highest common divisor of v and c.
21
Let v(x) be the second derivative of x**5/20 - x**4/6 + 4*x**2 - x - 61. Let a be v(2). Calculate the highest common divisor of a and 2.
2
Let v be (153/(-10)*18)/((-36)/120). Calculate the greatest common factor of v and 36.
18
Suppose 45*j - 25706 - 19194 = 11035. What is the greatest common factor of j and 1469?
113
Let u(p) = p**2 + 3*p + 8. Let x be u(-5). Let w(t) = 13*t. Let o be w(1). Suppose x*y - 540 = o*y. Calculate the highest common divisor of 12 and y.
12
Let x(o) = -2*o**3 + 31*o**2 - 38*o - 8. Let p be x(11). Suppose -3*j + 2*j = 3*f - 48, -5*f = -2*j + 63. What is the highest common divisor of j and p?
39
Let h(v) = v**2 + 4*v + 6. Let w be h(-8). Let n be (-4)/(-12) - (-1839)/(-9). Let x = -109 - n. Calculate the greatest common divisor of x and w.
19
Suppose -10*x + 15*x - 27 = -p, x = -5*p + 15. Suppose 9 + 1 = 5*u. Suppose 210 = 5*s + u*y, 138 = 5*s - y - 57. What is the highest common factor of s and x?
5
Let o(l) = -3*l**3 - 38*l**2 - 28*l - 2. Let a be o(-12). What is the highest common factor of 13616 and a?
46
Suppose 4*z = 1 - 5, -4*z + 2819 = -3*v. Let u = v + 1391. Let b be (1 + 0 + -2)/((-30)/u). What is the highest common divisor of b and 10?
5
Suppose 0 = 13*m - 16*m + 5*a + 4371, 2*a = -2*m + 2930. Calculate the highest common factor of m and 102.
34
Suppose -38*t + 20 = -33*t. Let s be (-1 - (3 + -50)) + t. What is the greatest common divisor of s and 225?
25
Suppose -3621*r + 3622*r = -8, r = 3*p - 92. Calculate the greatest common divisor of 2372 and p.
4
Let x = -4973 + 5453. What is the greatest common factor of 2208 and x?
96
Let o(x) = 1056*x**2 + 57*x + 103. Let j be o(-2). Calculate the highest common factor of 22 and j.
11
Suppose 0 = -d + 8*l + 12819, -4*d + 31785 + 19815 = 4*l. Calculate the greatest common divisor of 3 and d.
3
Let i(s) = -4*s**3 + 42*s**2 + 22*s - 90. Let j be i(10). Calculate the highest common divisor of j and 462.
66
Suppose 2*l - 7*r + 9*r = -50, l + 34 = 2*r. Let b = -1 - -3. Let d be 38/6 + b + l/(-42). Calculate the highest common factor of 18 and d.
9
Suppose 2*i - 4*a = -a - 21, -3*a = 5*i. Let o be i + 6/4*50. Let x be (8/(-6))/4*(-1 + -23). Calculate the highest common divisor of x and o.
8
Let r(m) = -m**2 + 4*m + 18. Let a be r(6). Let c(o) = o**3 - 5*o**2 - o - 6. Let n be c(a). Let u = 18 + -6. What is the greatest common factor of u and n?
12
Suppose 1401*c - 1402*c + 2*a + 6704 = 0, -2*c + 5*